factor of u and 88?
8
Let q be 45 + 10/(-5) + (-1)/(-1). Calculate the greatest common divisor of 132 and q.
44
Let t(h) = -h**2 + 10*h + 18. Let n be t(16). Let w = -71 - n. What is the greatest common factor of 63 and w?
7
Let b be (52/6 - 1)*15. Let c be ((-3)/3)/((-4)/8). Suppose 46 = 2*p + c*k, 2*p - 46 = -0*p + 3*k. What is the highest common divisor of b and p?
23
Let d be (-442)/(-8) + 5/(-20). Let u(p) = 22*p**3 - p**2 + 1. Let i be u(1). What is the highest common divisor of d and i?
11
Suppose -60 = -17*b + 8. Suppose j + b*v = 41, -48 - 4 = -2*j - 2*v. Suppose -3*n + 3 = 0, 3*n + n - 130 = -2*x. What is the highest common divisor of j and x?
21
Let f = 9 - -16. Let v = 145 - f. What is the greatest common divisor of 15 and v?
15
Let d = 107 - 46. Let s = d - 38. What is the highest common factor of s and 207?
23
Let m(p) = 2*p**3 + 10*p**2 - 10*p - 21. Let t be m(-5). Calculate the greatest common factor of 1073 and t.
29
Let u be (2/5)/(9/240)*36. Suppose -65*m + 61*m = -u. Calculate the highest common factor of 12 and m.
12
Suppose 0 = 5*r - 4*r + 33. Let f = 77 + r. What is the highest common divisor of f and 33?
11
Let c = 26 - 54. Let y = c - -41. Calculate the greatest common factor of y and 143.
13
Let l = 732 + -683. Calculate the highest common factor of l and 28.
7
Let h = 14 + -13. Let s be 2/((4/54)/h). Let c be -3*1*(-1386)/s. Calculate the greatest common divisor of c and 14.
14
Suppose -2*s = -n + 9, s - 2 + 5 = 2*n. Let f be (2 + 2 + s)/((-2)/32). Let o be (-4)/(-14) + 556/14. What is the greatest common factor of f and o?
8
Let p(l) = -4*l**2 + 4*l - 6. Let d be p(3). Let c = 74 + d. Suppose -5*n + 0*n + 550 = 0. What is the greatest common factor of c and n?
22
Suppose 7*r = 11*r - 16. Let p be ((-66)/15)/(r/(-110)). Calculate the highest common factor of p and 11.
11
Suppose 28*s - 8 = 32*s. Let o(x) = -x + 1. Let u be o(5). Let p be s/u*(16 - 0). What is the greatest common factor of 24 and p?
8
Let w = -2481 - -2520. What is the highest common factor of 1950 and w?
39
Let k be (-5)/(20/(-332)) - (3 + -3). Let s = k + -72. What is the greatest common factor of s and 33?
11
Suppose 4*c + 5*y = -585, -5*y = 5*c + 148 + 587. Let j be 1/(-2*5/c). Suppose -230 = -4*z + 190. What is the highest common divisor of j and z?
15
Let g = 783 - 658. Calculate the highest common divisor of g and 75.
25
Let w be (-3)/((-2)/70*10/6). Calculate the greatest common factor of w and 21.
21
Let l = 31 - 10. Let y(g) = g + 23. Let o be y(-9). What is the highest common divisor of o and l?
7
Let y be (-5)/10*(-28)/(-6)*-3. What is the highest common factor of 2 and y?
1
Let w = 3348 + -2265. Calculate the highest common factor of w and 57.
57
Suppose 230 = 3*d + 2*d. Let k be d/3 + (-4)/(-6). Suppose -2 = z, 0 = -o + 4*z + 16 + k. Calculate the highest common factor of o and 36.
12
Let l = 2276 - 1196. Suppose p + 4*p - l = 0. What is the highest common divisor of 24 and p?
24
Let b = -3 - -1. Let t be (32/(-5))/(b/10). Calculate the highest common factor of 288 and t.
32
Suppose 0 = -8*i + 11*i - 12, 106 = 2*z + 5*i. What is the highest common divisor of 43 and z?
43
Suppose 2*o - 1 - 265 = -4*a, -4 = -4*o. What is the greatest common factor of 2112 and a?
66
Let t be 6/1*-77*7/(-98). What is the greatest common factor of 66 and t?
33
Let l = 23 + -15. Suppose 49 - l = 3*w - 2*y, 0 = -2*w + 2*y + 30. What is the greatest common divisor of w and 11?
11
Let t(c) = -c**2 + 22*c + 30. Let w be t(23). Let l(g) = -2*g**2 + 20*g - 9. Let j be l(w). Calculate the greatest common factor of j and 22.
11
Let r(i) = -12*i - 3. Let n be r(-2). Suppose 0 = 5*c + o - 3*o + 129, 4*o = c + 33. Let h be (-3 + -1)/(c/525). Calculate the highest common factor of h and n.
21
Suppose 3 = -s + 2. Let m(q) = -6*q - 1. Let v be m(s). Suppose 12 = -v*i + 102. What is the greatest common factor of 180 and i?
18
Suppose -23 = -2*c + 6*a - a, -5*c - 4*a + 41 = 0. What is the highest common factor of 288 and c?
9
Suppose 1481 = -3*g - 3*s + 4283, 0 = 5*g + 2*s - 4676. What is the highest common divisor of 39 and g?
39
Let d be 1/((2/(-4))/((-4)/(-8))). Let i be -3 - (d + -24 + 1). What is the greatest common divisor of i and 189?
21
Let k = 13 + -18. Let r be (-1)/k - (-70)/25. Let l = 88 - 64. Calculate the greatest common factor of r and l.
3
Suppose -5 = 5*q, -2*r + 11*q - 6*q = -6769. Calculate the highest common divisor of 89 and r.
89
Let r(h) = h + 6. Let l be r(0). Let m = l - 3. Suppose 4*j - 3 - 5 = 0. Calculate the highest common divisor of m and j.
1
Let k(o) = -4 + 7 + 2*o**2 + o - 2*o. Let f be k(3). What is the greatest common factor of f and 162?
18
Suppose -40*s - 42*s + 1462 = -48*s. Let n = -123 + 467. What is the highest common divisor of n and s?
43
Let s = 1458 + -1442. Calculate the highest common divisor of s and 856.
8
Suppose -29 - 154 = -3*g. Suppose -4*m + 9 = 2*n - g, m - 40 = -5*n. Let o = m + -13. Calculate the greatest common divisor of o and 16.
2
Let m(d) = -d. Let y(o) = -2*o**2 - 24*o - 10. Let u(q) = m(q) - y(q). Let g be u(-16). What is the highest common divisor of g and 14?
14
Let w be 52 - ((-12)/4)/(-3). Suppose -c + a = -w, -4*c + 174 = -7*a + 9*a. What is the greatest common divisor of c and 23?
23
Suppose 3*a = -2*a - 4*m - 3, -2*m - 2 = 2*a. Suppose 2*z + 2*d = 122, 0 = -4*d + 13 - a. What is the greatest common factor of 145 and z?
29
Let c = 218 - 197. What is the greatest common divisor of 455 and c?
7
Suppose 5*v = 8*v - 162. Let a(r) = 108*r. Let b be a(-1). Let h = v - b. Calculate the greatest common divisor of 18 and h.
18
Let q = -67 - -68. What is the highest common divisor of 16 and q?
1
Let y = -2010 + 2064. Calculate the greatest common factor of 48 and y.
6
Suppose 2*s = 5*s - 18. Let t be (1/4)/(((-1)/(-13))/((-372)/(-403))). What is the greatest common divisor of s and t?
3
Let u = -108 + 183. Let a = 96 - u. What is the greatest common factor of a and 7?
7
Suppose -2*w - 6 = -5*w. Suppose 0 = -j - 2*k + 6, 2*j - w*k - 14 = j. What is the highest common divisor of j and 25?
5
Let m be (-33)/15*-5 + (1 - 0). Let t be 2/(2/(2*m)). Calculate the greatest common factor of 4 and t.
4
Let p(f) = 31*f + 1. Let c be p(1). Let y = -6 + c. Let v be 10*155/40 - (-1)/4. Calculate the highest common factor of y and v.
13
Let t be (4/(-5) + 0)*-20. Suppose 0 = 2*v + 14 + t. Let q = v - -22. Calculate the highest common divisor of 1 and q.
1
Suppose -1899*m = -1888*m - 1276. What is the greatest common divisor of 290 and m?
58
Let z = -1189 - -1525. Calculate the greatest common factor of 16 and z.
16
Let t be -5*(-4)/10*31. Suppose -2*h + 14 = -l + 83, h + 27 = -l. Let z = h + t. What is the highest common factor of 75 and z?
15
Let a(k) = -k**3 - 4*k**2 + k + 4. Let u be a(-4). Suppose 5*i + 5*x - 20 = u, -2*x = -2*i - 0*x + 28. What is the greatest common factor of i and 27?
9
Let u(h) = 14*h**2 + 4*h. Let p be u(-1). Let d be (-6*p/8)/((-6)/64). What is the greatest common divisor of d and 32?
16
Let g(l) = -3*l**3 + 2*l**2 - 1. Let y be g(-1). Suppose -m + 3*q - 9 = -30, 0 = -y*m + q + 95. Let s = m - -11. What is the highest common divisor of s and 7?
7
Let l(v) = v**2 - 9*v - 6. Let x be l(10). Suppose -30 = -2*f - 2*z - 2*z, -f = -x*z - 45. Calculate the highest common divisor of 5 and f.
5
Let k be (0 - 1)*(-16 - -6). Calculate the highest common factor of 2 and k.
2
Let f(s) = 21*s**2 - 4*s - 3. Let b(m) = -m**2 + 1. Let j(c) = 3*b(c) + f(c). Let k be j(1). Calculate the highest common factor of 154 and k.
14
Suppose -36 = -3*o - 3*z, 5*o + 3*z - 63 = 1. Let d be (-15)/(105/2) - (-844)/o. Suppose b = 4*b - 18. Calculate the highest common factor of d and b.
6
Let l(f) be the first derivative of f**3/3 - 7*f**2/2 + f - 17. Let x = -17 + 24. Let d be l(x). Calculate the greatest common divisor of d and 2.
1
Let q be (-31)/(-4) + (0 - (-6)/24). Let a be 114/(-4)*(-4)/(-6). Let y = 31 + a. What is the greatest common factor of q and y?
4
Let v be -147*1/(-3) + 1/(-1). What is the highest common divisor of 648 and v?
24
Let p = 17 + -31. Let b = -8 - p. Let q = -60 - -102. Calculate the highest common factor of q and b.
6
Suppose 22*w - 4440 = 16*w. What is the greatest common divisor of w and 20?
20
Let t 